*o + 215. Let j be k(35). Let y(h) = 11*h**2 - 31*h**2 - j + 12*h**2 + 9*h**2. Give y(-4).
11
Let w be 24/33*(-3245)/590. Let r(b) be the second derivative of -b**5/20 - 5*b**4/12 - 2*b**3/3 - b**2/2 - 2*b. What is r(w)?
-1
Let m(y) = y**3 - 13*y**2. Suppose 6*z - 503 = -2243. Let o = -277 - z. Determine m(o).
0
Let c be 3/((32/(-40))/(-4)) - -5. Let v(x) = -3*x + 57. Calculate v(c).
-3
Let j be 24/(-180) - (-1 + 456/(-45)). Let s(r) = -j + 25 - 12 - 2*r. Let w(k) = k**2 + 2*k - 5. Let t be w(-4). What is s(t)?
-4
Let w(x) be the first derivative of -15 - 1/12*x**5 + 0*x + 1/120*x**6 + 0*x**3 + 1/24*x**4 - 13/2*x**2. Let h(o) be the second derivative of w(o). Give h(3).
-15
Let j = -11 - -15. Suppose -3 + 23 = j*u. Let c(h) = -2*h - 2841640 + 2841643 + 0*h. Determine c(u).
-7
Let n(w) = -2*w - 19. Let j be 910/728 - (-130)/(-8). What is n(j)?
11
Let s(j) = j**2 - 2*j - 1. Suppose -75 = -5*d + h, 4*d + 0*h - 76 = 4*h. Let m(b) = -b**2 + 15*b - 12. Let v be m(d). Determine s(v).
-1
Let b(r) be the third derivative of -r**5/60 + 3*r**4/8 - 2*r**3 - r**2 + 135. Calculate b(8).
-4
Let x(k) = 52*k - 43893 + 43897 - 56*k. Give x(-3).
16
Let u = -3949 + 3952. Let n(h) = -h**3 + 4*h + 1. Calculate n(u).
-14
Let y = -6759 + 6766. Let d(p) = p**3 - 6*p**2 - 13*p + 28. Calculate d(y).
-14
Let h(w) be the second derivative of -w**4/12 + 5*w**3/6 + 2*w**2 - 3453*w. Give h(4).
8
Suppose -14*q = -2*q + 12. Let o be 6/q + (-10)/5. Let u(f) = f**2 + 10*f + 9. Give u(o).
-7
Suppose 5*l = -2*q + 89 - 64, -2*l + 10 = 5*q. Let y(k) be the second derivative of 1/4*k**4 - 27*k + 2*k**2 + 1/6*k**3 + 0 - 1/20*k**l. Calculate y(3).
7
Let p(f) = 16*f**2 - f + 42. Let c(q) = 18*q**2 - 5*q + 44. Let a(g) = 9*c(g) - 10*p(g). Calculate a(17).
-41
Suppose -g - 3*t + 42 = 0, 0*g = 3*g - 5*t - 182. Suppose 35*i = g*i + 133. Let r(s) be the second derivative of s**4/12 + 7*s**3/6 + 3*s**2/2 + 2*s. Give r(i).
3
Let i = -59 - -816. Let t = i - 764. Let s(a) = a**3 + 8*a**2 + 9*a + 17. Calculate s(t).
3
Let x(i) = -i**3 - 5*i**2 + 2*i + 4. Let m(z) = -105*z**3 + 2*z**2 - 2*z - 1. Let j be m(-1). Suppose -94*p + 70 = -j*p. What is x(p)?
-6
Let a(p) = -118 + 5*p**2 + 945641*p**3 + 14*p + 10*p - 945642*p**3. Give a(6).
-10
Suppose 0 = w + 2*j - 4, j - 2 = -4*w + 9*w. Let q(k) = 3*k - 23. Give q(w).
-23
Let c be 10 + 25 + -8 + -33. Let b(u) be the first derivative of -u**4/4 - 7*u**3/3 - 2*u**2 + 5*u - 1. Determine b(c).
-7
Let g(x) = 6*x + 0*x**2 - 27 + 4*x**2 + 16 - 6*x**2 + 12. Calculate g(1).
5
Let w(i) = 7*i**3 + 40*i**2 - 2*i + 55. Let n(a) = 3*a**3 + 18*a**2 - a + 26. Let h(j) = -9*n(j) + 4*w(j). What is h(0)?
-14
Let m(w) be the first derivative of -w**4/4 + 4*w**3/3 - 2*w**2 + 12*w - 593. What is m(5)?
-33
Let w be 1*(-70)/(-8 + 3). Let d = w - 18. Let g(y) be the second derivative of y**3/3 - y**2/2 + 33*y. Determine g(d).
-9
Let j = 3876 + -3870. Let p(n) = -n**2 + 10*n - 17. What is p(j)?
7
Let q(v) = -10*v**3 + 4*v**2 - 2*v + 1. Let a be q(1). Let d(o) = 9*o + 48. Determine d(a).
-15
Let s(v) = 10*v - 1 + v + 5 - 9*v - 2. Let c(z) = 3*z - 1. Let x(i) = -1. Let b(o) = 2*c(o) - 22*x(o). Let u be b(-4). What is s(u)?
-6
Let r(q) = -27*q**2 - 13*q - 32. Let z(s) = -25*s**2 - 13*s - 31. Let b(j) = -12*r(j) + 13*z(j). Determine b(-7).
23
Let k(m) = 2*m**2 + 11*m + 30. Suppose -33*h + 364 + 84 = -97*h. What is k(h)?
51
Let u = -1663 - -1692. Let x(w) = w**3 - 28*w**2 - 30*w + 29. Give x(u).
0
Let j(q) = 18*q + 224. Let z(f) = 41*f + 464. Let b(u) = 13*j(u) - 6*z(u). Calculate b(11).
-4
Let d(f) = 0 + 3 - 5*f - 14*f + 28*f - f**2 - 6*f. Determine d(3).
3
Let o be (-3168)/(-1296) + (-4)/9. Let r(a) be the second derivative of -16*a + 4/3*a**3 + 0 + 3/2*a**o. Determine r(-2).
-13
Let d(z) = z**2 + z + 12. Let r be d(0). Let b(q) be the first derivative of q**2/2 - 4*q + 1862. What is b(r)?
8
Let n(d) = d**3 + 25*d**2 + 22*d - 44. Let s(p) = -3*p**2 + 68*p + 327. Let u be s(27). Determine n(u).
4
Let l(b) be the first derivative of -8/3*b**3 - b + 1/2*b**2 - 35. Give l(-1).
-10
Suppose 4*i - 9 = -37. Let b(h) be the third derivative of 1 + 1/120*h**6 - 3/8*h**4 + 1/10*h**5 + 0*h + 89*h**2 - 1/6*h**3. Determine b(i).
13
Let s(n) be the third derivative of -n**6/120 - 3*n**5/20 + 11*n**4/24 + 11*n**3/6 - 1005*n**2 + 1. What is s(-10)?
1
Let d = 26 - 22. Suppose 89 - 13 = d*n. Let h(l) = -13*l**2 + 4*l + n*l**2 - 13*l**2 + l**3 + 9 - 1. What is h(6)?
-4
Let q(y) = -5*y**2 + 8*y - 8. Let j be q(4). Let g be 2/4*j/(-7). Let v(a) = -g + 2 - 5 - 3*a + 5. Calculate v(-4).
10
Let c(a) = 7*a**2 + a + 6*a - 7*a**2 - a**2 + 12 - a. Let s be ((-259)/74)/(1/(-2)). Determine c(s).
5
Let f(s) = 4*s - 8. Let v(g) = -24*g + 151. Let y(t) = -4*f(t) - v(t). Calculate y(14).
-7
Let b(m) = 5*m + 8. Suppose 72*d - 4*w - 24 = 70*d, 2*d = -4*w - 8. Let t be ((-6)/12)/(d/56). Give b(t).
-27
Let b(a) = -10*a + 3. Let s be b(1). Let y(k) be the second derivative of -k**4/12 - 4*k**3/3 - 7*k**2/2 + k - 1. Calculate y(s).
0
Suppose 5*r + 3 = 2*b + 13, -2*b + 10 = 5*r. Let i be (3 - -1 - b) + -7. Let m(v) = -v - 3. Let p(k) = -k + 13. Let n(a) = -4*m(a) - p(a). What is n(i)?
-16
Let a(g) be the second derivative of g**6/120 - g**5/120 - g**4/8 - g**3/3 + 3*g**2/2 - 40*g - 2. Let i(u) be the second derivative of a(u). Give i(-3).
27
Let d(o) = 7*o**2 + 1. Let r(h) = 2*h**2 + 34*h + 115. Let c(u) = u**2 + 17*u + 58. Let g(s) = -7*c(s) + 3*r(s). Let w be g(-5). Determine d(w).
8
Suppose -80 = -2*m - 42. Let k(o) = -1 - 1 - o**2 - 4*o - m*o + 20*o. Give k(-3).
-2
Suppose -2*b - 3 = -5*b. Suppose 10 - b = 3*k. Let i(g) = 58*g**3 + 3 - 2 - 57*g**k. Give i(-2).
-7
Let c be 2/8 - (-5)/(-4) - -3. Suppose b = 3*b + 5*n - 4, -4*b = 5*n - 8. Let u(k) = -19 + k - 2*k**b + 33 + k**c - 12. Calculate u(2).
0
Let a be -2*(-1)/2*2. Let n(p) = -p**3 - 47 + 13*p**2 + 49 - 6*p - 8*p**a. Give n(4).
-6
Suppose 6*p = p - 25. Let d(o) be the first derivative of 5*o - 1/4*o**4 - 5/3*o**3 + 3/2*o**2 + 6. Determine d(p).
-10
Let c(u) be the second derivative of u**4/3 - 59*u**3/6 + 3*u**2 - 604*u. Calculate c(15).
21
Let y = -176 + 177. Let i(t) be the first derivative of 2 + 11/3*t**3 + t - t**2. Give i(y).
10
Suppose 3*x + 24 = -5*d + 24, -8*x - 40 = 0. Let n(b) be the third derivative of 5*b**2 - 1/3*b**4 - 1/30*b**5 + 0*b + 0 - 7/6*b**d. Determine n(-5).
-17
Suppose 0 = 1235*c - 1236*c - 2. Let h(u) be the third derivative of -1/3*u**3 + 0 + 0*u - 9*u**2 + 3/8*u**4. Determine h(c).
-20
Let u(x) = 4103 + 5*x - x**2 - 2058 - 13*x - 2058. Let p be (6/(-8))/(2/16). Give u(p).
-1
Let b(s) = s**2 + 2*s - 2. Suppose -245 = -9*y - 83. Suppose -16*n + y*n = 6. Suppose -f + n*r - 4*r = 10, 4*f + 4 = 5*r. Calculate b(f).
22
Let p = 8931 + -8926. Let b(i) be the second derivative of 0*i**3 + 0 + 1/2*i**2 - 1/20*i**p + 1/4*i**4 + i. Determine b(3).
1
Let b be (1/(-2))/(((-1863)/(-72) - 18) + -8). Let l(k) = 6*k - 39. Give l(b).
-15
Let s(t) = -4*t**3 - 2*t + 1. Let d(l) be the first derivative of l**2 + 5*l + 26. Let o be d(-2). What is s(o)?
-5
Let m(n) = 89*n - 14 - 82*n + 2. Let v(o) = 2*o - 3. Suppose 2*j = -3*d + 14, -2*j = -2*d - d - 2. Let w(i) = d*m(i) - 9*v(i). Give w(2).
-5
Let o(h) = 38*h + 2. Let n = 2409 + -2410. Calculate o(n).
-36
Suppose 3*o + 20 = -5*l, -4*o + 5*l + 22 - 2 = 0. Suppose -5*b - 500 = 5*g, o*b + 2 = -2*b. Let v be g/(-36) + 3/(-4). Let t(k) = 2*k**2 - k. Determine t(v).
6
Let k(g) = 35*g**3 + 7*g**2 - 35*g + 26. Let p(v) = 13*v**3 + 3*v**2 - 12*v + 9. Let z(m) = 3*k(m) - 8*p(m). Determine z(4).
-14
Suppose 1 + 1 = j. Let t(n) = 4*n**2 + 9*n - 3*n**j - 3*n**2. Let s = 129 + -123. Give t(s).
-18
Let p(q) = -q**3 + 3*q**2 + 4*q - 7. Let a be (-150)/1800 + (-37)/(-12). Determine p(a).
5
Let b(j) = j**2 + 30*j + 9*j + 2*j - 35*j - 7. Give b(2).
9
Suppose -3*d = -6 - 6. Let l(x) = x**3 - 41*x**2 + 3. Let j be l(41). Let b(u) = -3 + d + 3*u + j*u + u**2 + 4. Give b(-5).
0
Let o(y) = 14*y**2 + y + 1. Suppose 7*l = 3*l - 5*h + 132, 4*l + 2*h = 144. Suppose -l = -3*j - 41. What is o(j)?
14
Suppose 10 = 5*t - 20. Let s(p) = -p. Let z(m) = -m**2 + 4*m + 7. Let j(x) = t*s(x) + z(x). Suppose 816 - 706 = -28*u + 6*u. What is j(u)?
-8
Suppose 170 = -532*f + 566*f. Let r(m) = -m**3 + m**2 + 19*m - 2. Give r(f).
-7
Let c = -181 - -1